are the prime factors of i?
2, 11, 257
Let r(k) = k + 22. Let s be r(-12). Suppose 17*j - s*j = 21. Suppose j*f + x + 360 = 5*f, -3*f + 4*x + 545 = 0. List the prime factors of f.
179
Suppose 5224 + 13564 = 2*d - 2*w, 3*w = -d + 9402. What are the prime factors of d?
2, 3, 29
Suppose 5*l - 14 = 6. Suppose 2285 = -l*s - s. Let c = -324 - s. What are the prime factors of c?
7, 19
Suppose -44*s + 136 = -2152. What are the prime factors of 6 + 10340/s - 2/(-13)?
5, 41
Let c be (-2)/7 - 158/(-14). Suppose 0 = -3*u - 181 - c. Let a = -38 - u. What are the prime factors of a?
2, 13
Let d = -4295 + 4288. Let b(r) = 4*r + 29. Let i(v) = -2*v - 14. Let t(s) = 3*b(s) + 5*i(s). What are the prime factors of t(d)?
3
Let u(j) = 52*j**2 + 495*j - 47. What are the prime factors of u(-19)?
2, 5, 233
Suppose -1 = -2*p + 11. Suppose 5*w = -4*b - 5, -p = -w + 3*b + 12. Suppose w*u - 16 = -c, -c - 2*c = -u - 8. List the prime factors of u.
2
Suppose -k = -10*k - 0*k. Suppose k = -383*p + 379*p + 96. List the prime factors of p.
2, 3
Suppose 2*d + 11 - 17 = 0. Let b = -3 + d. Suppose b = 5*w - n - 102, -3*n + 8*n = -2*w + 30. List the prime factors of w.
2, 5
Suppose -41*j = -43*j + 1486. Let i = j + -487. What are the prime factors of i?
2
Let j(i) = -209*i + 55. Let b be j(-9). List the prime factors of 6/(-9) - b/(-6).
2, 7, 23
Let h(m) = -125*m - 5832. List the prime factors of h(-95).
6043
Suppose -4*g + 3*u = -6569, 1499 = g - 2*u - 147. Suppose 3*f - g = 1660. What are the prime factors of f?
2, 5, 11
List the prime factors of 55/(-33)*(-3299 - (9 - 5)).
3, 5, 367
Suppose 14414222 + 11947471 + 9404153 = 482*n. What are the prime factors of n?
74203
List the prime factors of (-2545)/2*(-6 + (-24)/(-15)).
11, 509
Let g = 2513 - -205. Suppose g = 35*o - 30147. List the prime factors of o.
3, 313
Let y(k) = 19*k**2 - 50*k**2 + 107 + 19*k**2 + 14*k**2 + 46*k. List the prime factors of y(-36).
7, 149
Let a(w) = 614*w**2 - 50*w - 62. What are the prime factors of a(9)?
2, 24611
Let t(l) = 181*l**2 + 54*l - 292. What are the prime factors of t(5)?
3, 19, 79
Let c be 19/6 + (-30)/(-36). Suppose 2*r - 1758 - 1121 = -5*d, c*r + 5*d - 5733 = 0. List the prime factors of r.
1427
Suppose 222*n = 243*n - 127785. List the prime factors of n.
5, 1217
Let d(c) = c**3 + 6*c + 37 + 24*c**2 + 2*c**2 - 11*c**2. List the prime factors of d(-13).
3, 11
Let u(v) = 2*v + 2. Let q be 2 - (4/(-5))/(4/(-20)). Let o be u(q). What are the prime factors of o/(16/(-1028))*2?
257
Suppose 14*v = 15055 + 14121. What are the prime factors of v?
2, 521
Let y(k) = -6*k - 14. Suppose 0 = 2*l - 2*i - 6, -6*l + 9*l = 2*i + 10. Let w be y(l). List the prime factors of 4/w + (-66075)/(-475).
139
Let r(h) = -h**3 + 3*h**2 + 23*h - 1. Let t be r(7). What are the prime factors of t/(-21)*(-133)/(-2)?
2, 3, 19
Suppose 0 = 73*v - 169*v - 706623 + 3576351. List the prime factors of v.
167, 179
What are the prime factors of ((-460544)/384)/((-1)/(1*36))?
2, 3, 7, 257
Suppose -35*u = -30*u - 96346 - 268234. List the prime factors of u.
2, 18229
Let b = -74 + 139. Let q = b - 23. Suppose q*k - 17 = 41*k. What are the prime factors of k?
17
Suppose 3*p + 340 = o, 2*p - 7 + 1 = 0. List the prime factors of -1 + (o - 0) + 0 + 1.
349
Suppose j + 16 = 13, 3*r = -5*j + 150. Suppose 52*x = r*x - 2010. List the prime factors of x.
2, 5, 67
Let m(t) = 339*t**3 - 9*t**2 + 32*t + 26. List the prime factors of m(3).
2, 4597
Suppose 329*t - 3609176 = 381265. What are the prime factors of t?
3, 13, 311
Suppose -k - 9674 - 10749 = 0. What are the prime factors of (-4)/6 - k/39?
523
Suppose -26 = 3*k + 4*f - 11, -2*k = -4*f - 30. Let c(s) = -3 + 10*s**2 + 6 + 3*s**2. What are the prime factors of c(k)?
2, 3, 5
Suppose -5*m = -4*q + 1553 + 343, 0 = -3*q - 9*m + 1473. List the prime factors of q.
479
Suppose -2242 = -5*x - 2257. Let z(l) = -l**3 + 4*l**2 - 14*l - 42. List the prime factors of z(x).
3, 7
Let i(x) be the second derivative of x**4/4 - 2*x**3 + 31*x**2/2 + 98*x. What are the prime factors of i(-15)?
2, 443
Suppose 3265 = 2*r - 7907. Suppose -7*x = 35*x - r. What are the prime factors of x?
7, 19
Let w(r) be the third derivative of -5*r**4/12 + 13*r**3/3 - 11*r**2. List the prime factors of w(2).
2, 3
Suppose -11*g + 88623 = -105318. Suppose 17*p - g = 8*p. List the prime factors of p.
3, 653
Let x(h) = 260*h + 48. Let p be x(-6). List the prime factors of -2 + (40/8 - p).
3, 5, 101
Suppose -10875 - 9537 = -63*y. What are the prime factors of y?
2, 3
Let b = -13114 - -24595. List the prime factors of b.
3, 43, 89
Let t(g) be the third derivative of g**4/12 - 2*g**3 + 2*g**2 + 25. List the prime factors of t(19).
2, 13
Let j(w) = -w**2 + 2*w + 11. Let g(h) = 0*h**2 - 15 + 3*h + h**2 - 3*h**2 + 36. Let r(y) = -3*g(y) + 5*j(y). List the prime factors of r(5).
2, 11
Let u(c) = -23*c - 109 - 97*c - 66*c + 103. What are the prime factors of u(-2)?
2, 3, 61
What are the prime factors of 86512/(-6)*(4030/(-1736) - 20/14)?
2, 5, 5407
Let w(j) = j**2 + 6*j + 837. Let c be w(0). Suppose 2*z - 279 = z - 2*n, -3*z = n - c. List the prime factors of z.
3, 31
Suppose -7*f - 3510 = 2650. List the prime factors of f*(1 + 0 + 1)/(-4).
2, 5, 11
Suppose -5*p = l - 6100, 3*p = -5*l - 0*l + 30456. List the prime factors of l.
2, 3, 5, 7, 29
What are the prime factors of 141122926/2242 + 6/(-57)?
5, 12589
Suppose 0 = -3*f + 5*a - 53, 0 = -3*a + 1 - 7. Let p be 1 + f*1*(-6)/3. What are the prime factors of (p*-2)/(1/(-1))?
2, 43
Suppose -200786 = -11*t + 6*t - 2*u, 240948 = 6*t + 4*u. What are the prime factors of t?
2, 10039
Suppose 0 = 3*o - 2*o - 3, -2*i - 2*o = -12. Let x be (-31)/(7 - 66/9). Suppose x = v - w, 4*w + 19 - i = 0. What are the prime factors of v?
89
Let x(q) = -q - 3. Let a be x(-2). List the prime factors of 618 - a/2*14.
5
Suppose -12*h + 8*h + 44 = 0. Let u(y) = h*y - 97*y**3 + 2*y**2 - 12*y + 4 - 6. What are the prime factors of u(-1)?
2, 7
Let y(o) = 393*o + 116. Let d be y(-16). What are the prime factors of d/(-14) + (-10)/(-70) + -3?
2, 3, 73
Let n(d) = 2*d**3 - 2*d**2 - 7*d - 20. Let x be n(-3). Let c = x + 956. List the prime factors of c.
3, 5, 59
Let h(l) = -3*l**2 + 5*l + 26. Let r be h(-8). Let d = 1027 - r. What are the prime factors of d?
3, 137
Suppose -3*h + m = -21419, -3*h - 51*m = -46*m - 21443. List the prime factors of h.
37, 193
Let o = -14480 - -17338. What are the prime factors of o?
2, 1429
Let n(a) = 208*a**2 - 10*a**3 - 2 - 3*a - 346*a**3 - 101*a**2 - 108*a**2. List the prime factors of n(-1).
2, 89
Suppose 0 = 3*b + 3*v, -3*v = -4*b + 11 + 17. Suppose 5*p + 47 = b*y + 167, 5*p - y = 120. Suppose -u + 125 = p. List the prime factors of u.
101
Let n = -468 - -321. Let h = n + 214. Suppose 0 = 69*l - h*l - 56. List the prime factors of l.
2, 7
Let u be (-5)/(-1) + -5 + (-2 - -31). List the prime factors of 19/(146/u - 5).
19, 29
Let f = -39420 - -80957. What are the prime factors of f?
73, 569
Suppose 197462 = 5*c - 2*f, -15*c + 10*c + f + 197466 = 0. What are the prime factors of c?
2, 7, 13, 31
Let v = 34 + -32. Suppose 3*n = 2*i - 5*i + 147, -n - 104 = -v*i. Let j = i - 46. List the prime factors of j.
5
Let a(r) be the first derivative of 21*r**2 - 57*r + 78. What are the prime factors of a(8)?
3, 31
Suppose -993*c + 44 = -989*c. What are the prime factors of (129 + -1)*c*8/88?
2
Suppose 9 = 4*i - c, 10*i + 2*c - 18 = 6*i. Suppose 5*h - 4854 = 3*x, 6*x = i*h + 3*x - 2910. What are the prime factors of h?
2, 3
Suppose -3*f + 98175 = 3*o, 4*o = -3*f + 115780 - 17612. What are the prime factors of f?
2, 7, 167
Let s(y) = 63*y**2 - 22*y + 295. What are the prime factors of s(-16)?
5, 11, 61
Let a(f) = -67*f + 2*f**3 - 3*f**3 - 12*f**2 - 3*f**2 + 20 - 12 - 11. List the prime factors of a(-15).
2, 3, 167
Let g = -914 + 1232. List the prime factors of g.
2, 3, 53
Let w be (-84)/(-672) + 695/8. Let s = -29 - -60. Suppose -s = -k + w. What are the prime factors of k?
2, 59
Suppose 56 = 3*a + a. Let d = -20 - a. List the prime factors of (d/4)/(1/(-2)).
17
Suppose 4*i + 13*h - 17*h - 41812 = 0, -41803 = -4*i + h. Suppose -i = -2*s - 9*s. What are the prime factors of s?
2, 5, 19
Suppose -5*u + 6 = 6. What are the prime factors of u/(6/9*-3) - -3?
3
Let b = 550 - 245. Suppose 5*j = -3*f + 10*j + 